
Let w(h) = -h**3 - 2*h**2 - 5. Let t = 5 + -9. Let u be w(t). Let z = u - -21. What is the highest common divisor of z and 12?
12
Suppose 2*x = x + 140. What is the greatest common factor of 28 and x?
28
Let g(u) = u**3 - 6*u**2 - 8*u + 9. Let w be g(7). Suppose 3*y - 244 = 4*i, -72 + 234 = w*y - 3*i. Calculate the greatest common factor of 12 and y.
12
Suppose 4*k = -5*b + 3, -b = -k + 2*k - 1. Suppose -2*y - 3*s + 8 = -s, -k*y - 5*s + 5 = 0. What is the highest common factor of 2 and y?
1
Let q(y) = -y**3 + 4*y**2 - 3*y. Let k be q(2). Suppose -k*h - 128 = 2*h. Let p be ((-9)/(-4))/((-4)/h). What is the greatest common factor of p and 27?
9
Let v be (-6)/(-2) - (-2 - -2). Let k be (8/v)/((-2)/(-3)). Suppose q = -q + k. What is the greatest common divisor of q and 3?
1
Let h(t) = -t - 3 - 3*t**2 - 5*t**2 + 4*t**2. Let s be h(-7). Let c be (-6)/4*s/18. Calculate the greatest common factor of c and 48.
16
Let c(z) = -z**3 - 24*z**2 - 46*z - 2. Let d be c(-22). Let p be 42/((-5)/(-3) - 1). Calculate the highest common divisor of d and p.
21
Let o(n) = n**3 + 10*n**2 - 9*n + 2. Let x be o(-11). Let m = -12 - x. Calculate the greatest common divisor of 56 and m.
8
Let j(s) = s**3 + 7*s**2 - 7*s + 11. Let p be j(-8). Suppose -2*a - 36 = -2*f, -f - 6*a + 30 = -p*a. Calculate the highest common factor of 147 and f.
21
Let u be (4*(-3)/(-6))/1. Suppose -u*m + 225 = -153. Calculate the highest common factor of 21 and m.
21
Suppose 52 = 2*c + 2. What is the greatest common divisor of c and 10?
5
Suppose 2*b - 4*z = 79 + 11, -b + 33 = 2*z. Calculate the highest common factor of 26 and b.
13
Let l be (-1)/((-2)/(-1*-1*46)). What is the greatest common factor of 115 and l?
23
Suppose 20*r = 14*r + 324. Let s = -55 - -38. Let m = -11 - s. Calculate the greatest common factor of m and r.
6
Let n be 4/10 - 171/15. Let p = n + 16. Calculate the greatest common factor of p and 25.
5
Suppose 3*v - y = -v + 20, -3*v = 3*y. Suppose -v*a + 145 = 3*d + 2*d, 100 = 4*a - 4*d. What is the greatest common factor of 240 and a?
30
Let q be -2 - (-21 + (2 - 0)). Let k(r) = 4*r - 55. Let c be k(35). Calculate the highest common divisor of q and c.
17
Let q be (-147)/(-15) + 3/15. What is the greatest common divisor of 4 and q?
2
Suppose -3*y + 17 = -31. What is the greatest common divisor of y and 64?
16
Let b be (-2)/(-6)*(2 + 13). Let k(m) = -m**3 + 6*m**2 - m - 4. Let s be k(b). What is the highest common factor of 8 and s?
8
Let j(q) = q**2 - 5*q + 2. Let n be j(7). Let o(t) = t**2 - 5*t + 8. Let c be o(4). What is the highest common divisor of n and c?
4
Suppose 8*f - 66 + 10 = 0. What is the greatest common factor of f and 21?
7
Let h = -400 - -598. What is the greatest common factor of h and 22?
22
Let p = -379 - -217. Let n = -115 - p. Let u = 82 - n. What is the greatest common factor of u and 7?
7
Suppose -4*w - 5 = -37. Let n be (-19 - -1)*w/12. Let s be 8/n - 23/(-3). Calculate the greatest common factor of 35 and s.
7
Suppose 0*x + 5*k = 4*x - 31, 2 = -x - 2*k. Calculate the highest common divisor of 28 and x.
4
Let g(b) = -9*b - 1. Let a be g(-3). Let k = -4 + a. Suppose -x - x + 110 = 0. Calculate the greatest common divisor of x and k.
11
Suppose -46*r + 44*r + 4 = 0. What is the highest common divisor of r and 2?
2
Let o(v) = 3*v - 8. Let a be o(6). Suppose 3*h - 2*b + 0*b = 26, 4 = 2*b. Calculate the highest common factor of h and a.
10
Suppose 0*g - 3*g + 165 = 0. Let c = 4 - -7. Calculate the greatest common factor of c and g.
11
Let g(a) = a**3 - a**2 - a + 8. Let l be g(0). Let n = 21 - 9. What is the highest common factor of l and n?
4
Let y = -163 + 351. Let g be y/12 + (-1)/(-3). Suppose -2*n = -4*z - 6*n + 272, 2*z + n - 132 = 0. Calculate the highest common factor of z and g.
16
Suppose -4*r + 9*r - 205 = 5*n, -3*r = 2*n - 113. Let u = r - 27. Let q(j) = 24*j. Let i be q(4). Calculate the highest common divisor of i and u.
12
Let y be (-1 - -12)*(-27)/3. Let d = 162 + y. Let g(o) = o**2 - 16*o + 22. Let v be g(15). What is the highest common divisor of v and d?
7
Let t(d) = 3*d**2 + 5*d + 3. Let w be t(-3). Suppose 4*n - w = -n. Suppose 4*k - 3*o = 12, n*k + 4*o = 3 + 6. Calculate the greatest common divisor of 12 and k.
3
Let h(a) = -18*a**3 - a**2 - a. Let b be h(-1). What is the greatest common divisor of b and 9?
9
Let c(o) = -9*o - 4. Let z be c(-2). What is the highest common factor of 35 and z?
7
Let j(n) = n + 49. Let x be j(6). Let y(i) = 2*i**2 - 6*i + 6. Let u be y(5). Let w = u + -15. What is the greatest common divisor of w and x?
11
Let p = 49 + -27. Calculate the greatest common divisor of 55 and p.
11
Suppose 7*u - 10 = 2*u. Suppose 0 = 4*g - 5*n - 24, g = -u*n - 0 - 7. Let r = 7 + -2. Calculate the highest common divisor of g and r.
1
Suppose -3*h + h = -64. Calculate the greatest common divisor of h and 16.
16
Let a be 262/8 + (-2)/(-8). Let y = 29 - 7. Calculate the highest common factor of y and a.
11
Suppose 4*j + 0*j + 8 = 0. Let f(d) = 19*d**2 - 1. Let z be f(j). Suppose 5*t - z = -5*q - 30, 0 = 3*q - 12. Calculate the greatest common factor of t and 25.
5
Let i = -29 + 32. Suppose 0 = 3*u - u - 36. Calculate the greatest common factor of i and u.
3
Let s = 8 - -1. Let t be (-2)/(-5) - 1612/(-20). What is the highest common factor of s and t?
9
Suppose 0 = -16*q + 14*q + 230. Let g = q + -73. Calculate the highest common divisor of 6 and g.
6
Let c(j) = 3*j - 10*j - 2*j. Let s be c(-2). Let z(p) = -p**3 + 5*p**2 + p + 4. Let i be z(5). What is the greatest common factor of s and i?
9
Suppose -3*k - 5 + 46 = 2*t, -t - 22 = -k. Let h = k + -1. Suppose -h = -2*f + f. What is the greatest common factor of f and 48?
16
Let b be (12/(-10))/((-6)/750). Let d be ((-315)/14)/((-3)/4). What is the highest common factor of d and b?
30
Let q be (187/(-33))/((-3)/((-9)/(-1))). What is the greatest common factor of q and 34?
17
Let v(c) = c**3 + 4*c**2 - c - 3. Let o be v(-3). Let u = o + -3. Calculate the highest common factor of u and 24.
6
Let i = 405 - 181. Calculate the highest common factor of 32 and i.
32
Suppose -5*b + 31 = a - 28, 4*a = b + 173. Calculate the highest common divisor of a and 4.
4
Suppose 3*i - 3*h = -i + 100, -4*i + 2*h = -96. Calculate the highest common factor of i and 22.
22
Let v(z) = 7*z - 3. Let w be v(3). Calculate the highest common divisor of 45 and w.
9
Let g be 3/(-18)*2*-12. Suppose g*t + 78 = 350. Let h be 4/(-2)*68/(-8). Calculate the highest common factor of t and h.
17
Let w = -56 + 68. Calculate the highest common divisor of w and 132.
12
Let c be ((-90)/12)/((-3)/4). Let l be 80/c*(-3)/(-2). Calculate the highest common divisor of l and 3.
3
Let m = -2 - -4. Suppose -m*n - 158 + 398 = 0. What is the greatest common factor of 48 and n?
24
Suppose 3*y + 5*f = 72, f + 59 = 4*y - 37. Calculate the greatest common divisor of y and 168.
24
Suppose -5*i + 0*i + 2 = 3*r, 4*r - 2*i - 20 = 0. Calculate the highest common factor of 32 and r.
4
Let k(y) = y**2 + 2*y - 1. Let s be k(-3). Suppose s*b + 0*b = -6. Let p = 21 - b. What is the greatest common factor of p and 3?
3
Suppose 0 = z + 3*z - 2*v - 828, -v = 0. Let l = z - 131. Calculate the highest common factor of l and 19.
19
Let u = 98 - -77. What is the highest common divisor of 25 and u?
25
Let g(j) = -j**3 + 6*j**2 + 4. Let s be g(6). Suppose 2 + 70 = s*l. What is the highest common factor of 45 and l?
9
Suppose y = o - 128, -2*o + y + 265 = -4*y. Calculate the highest common divisor of 25 and o.
25
Let a(o) = -10*o - 1. Let i be a(-4). Suppose -5*w + i = -21. Let c = 1788 - 1776. Calculate the highest common divisor of c and w.
12
Suppose -5*w - 1 = 19. Let c be w/(-3)*117/2. Let i = -45 + c. Calculate the highest common factor of 11 and i.
11
Let c(x) = -x**3 - 2*x**2 + x - 1. Suppose -2*j = -7*j - 15. Let o be c(j). What is the greatest common divisor of 55 and o?
5
Suppose -4*i + 110 = i. What is the greatest common divisor of 55 and i?
11
Suppose -3 = -3*w - 0*w, h - 4*w + 72 = 0. Suppose -94 = 5*x - v, -x + 3 - 26 = 4*v. Let a = x - h. What is the greatest common factor of a and 7?
7
Let c(d) = 3*d - 1. Let i(r) = -r**3 - 3*r**2 - r + 4. Let b be i(-2). Let a be c(b). Calculate the greatest common divisor of 55 and a.
5
Suppose -4 = -2*